{"version":"1.0","provider_name":"Municipalidad de Sauce Viejo","provider_url":"https:\/\/sauceviejo.gob.ar\/sauceonline","author_name":"Prensa Web","author_url":"https:\/\/sauceviejo.gob.ar\/sauceonline\/author\/prensa-web\/","title":"Caso Francisco Villagoiz - Municipalidad de Sauce Viejo","type":"rich","width":600,"height":338,"html":"<blockquote class=\"wp-embedded-content\" data-secret=\"mZ0LaB93U5\"><a href=\"https:\/\/sauceviejo.gob.ar\/sauceonline\/caso-francisco-villagoiz\/\">Caso Francisco Villagoiz<\/a><\/blockquote><iframe sandbox=\"allow-scripts\" security=\"restricted\" src=\"https:\/\/sauceviejo.gob.ar\/sauceonline\/caso-francisco-villagoiz\/embed\/#?secret=mZ0LaB93U5\" width=\"600\" height=\"338\" title=\"\u00abCaso Francisco Villagoiz\u00bb \u2014 Municipalidad de Sauce Viejo\" data-secret=\"mZ0LaB93U5\" frameborder=\"0\" marginwidth=\"0\" marginheight=\"0\" scrolling=\"no\" class=\"wp-embedded-content\"><\/iframe><script>\n\/*! This file is auto-generated *\/\n!function(d,l){\"use strict\";l.querySelector&&d.addEventListener&&\"undefined\"!=typeof URL&&(d.wp=d.wp||{},d.wp.receiveEmbedMessage||(d.wp.receiveEmbedMessage=function(e){var t=e.data;if((t||t.secret||t.message||t.value)&&!\/[^a-zA-Z0-9]\/.test(t.secret)){for(var s,r,n,a=l.querySelectorAll('iframe[data-secret=\"'+t.secret+'\"]'),o=l.querySelectorAll('blockquote[data-secret=\"'+t.secret+'\"]'),c=new RegExp(\"^https?:$\",\"i\"),i=0;i<o.length;i++)o[i].style.display=\"none\";for(i=0;i<a.length;i++)s=a[i],e.source===s.contentWindow&&(s.removeAttribute(\"style\"),\"height\"===t.message?(1e3<(r=parseInt(t.value,10))?r=1e3:~~r<200&&(r=200),s.height=r):\"link\"===t.message&&(r=new URL(s.getAttribute(\"src\")),n=new URL(t.value),c.test(n.protocol))&&n.host===r.host&&l.activeElement===s&&(d.top.location.href=t.value))}},d.addEventListener(\"message\",d.wp.receiveEmbedMessage,!1),l.addEventListener(\"DOMContentLoaded\",function(){for(var e,t,s=l.querySelectorAll(\"iframe.wp-embedded-content\"),r=0;r<s.length;r++)(t=(e=s[r]).getAttribute(\"data-secret\"))||(t=Math.random().toString(36).substring(2,12),e.src+=\"#?secret=\"+t,e.setAttribute(\"data-secret\",t)),e.contentWindow.postMessage({message:\"ready\",secret:t},\"*\")},!1)))}(window,document);\n<\/script>\n","thumbnail_url":"https:\/\/sauceviejo.gob.ar\/sauceonline\/wp-content\/uploads\/2025\/11\/MPA.png","thumbnail_width":1859,"thumbnail_height":885,"description":"El Ministerio P\u00fablico de la Acusaci\u00f3n (MPA) hizo p\u00fablicas las im\u00e1genes de tres hombres sospechados de ser coautores del homicidio de Francisco Villagoiz, ocurrido durante la madrugada del s\u00e1bado 13 de septiembre en su vivienda de Sauce Viejo. La medida busca que la ciudadan\u00eda pueda aportar informaci\u00f3n que permita identificar y localizar a los sospechosos,..."}

El Ministerio Público de la Acusación (MPA) hizo públicas las imágenes de tres hombres sospechados de ser coautores del homicidio de Francisco Villagoiz, ocurrido durante la madrugada del sábado 13 de septiembre en su vivienda de Sauce Viejo. La medida busca que la ciudadanía pueda aportar información que permita identificar y localizar a los sospechosos,...
